{"id":3900,"date":"2019-04-12T08:53:42","date_gmt":"2019-04-12T06:53:42","guid":{"rendered":"https:\/\/www.kamptal.at\/?page_id=3900"},"modified":"2020-10-13T14:51:54","modified_gmt":"2020-10-13T12:51:54","slug":"imprint","status":"publish","type":"page","link":"https:\/\/www.weinkultur-kamptal.at\/en\/imprint\/","title":{"rendered":"Imprint"},"content":{"rendered":"\n<style type=\"text\/css\" data-created_by=\"avia_inline_auto\" id=\"style-css-av-jekg0-14de56c10a5f3b95cfa323956d7bcc4a\">\n.flex_column.av-jekg0-14de56c10a5f3b95cfa323956d7bcc4a{\nborder-radius:0px 0px 0px 0px;\npadding:0px 0px 0px 0px;\n}\n<\/style>\n<div  class='flex_column av-jekg0-14de56c10a5f3b95cfa323956d7bcc4a av_one_full  avia-builder-el-0  el_before_av_one_half  avia-builder-el-first  first flex_column_div av-zero-column-padding  '     ><section  class='av_textblock_section av-jtkkwpap-7e46fb2a0197db49c716d777ff967b28 '   itemscope=\"itemscope\" itemtype=\"https:\/\/schema.org\/CreativeWork\" ><div class='avia_textblock'  itemprop=\"text\" ><h2>Herausgeber &amp; Medieninhaber<\/h2>\n<\/div><\/section><\/div>\n\n<style type=\"text\/css\" data-created_by=\"avia_inline_auto\" id=\"style-css-av-jekg0-14de56c10a5f3b95cfa323956d7bcc4a\">\n.flex_column.av-jekg0-14de56c10a5f3b95cfa323956d7bcc4a{\nborder-radius:0px 0px 0px 0px;\npadding:0px 0px 0px 0px;\n}\n<\/style>\n<div  class='flex_column av-jekg0-14de56c10a5f3b95cfa323956d7bcc4a av_one_half  avia-builder-el-2  el_after_av_one_full  el_before_av_one_half  first flex_column_div av-zero-column-padding  column-top-margin'     ><section  class='av_textblock_section av-jtkkwpap-7e46fb2a0197db49c716d777ff967b28 '   itemscope=\"itemscope\" itemtype=\"https:\/\/schema.org\/CreativeWork\" ><div class='avia_textblock'  itemprop=\"text\" ><p><strong>Weinstra\u00dfe Kamptal<\/strong> Verein ZVR-Nr. 168354025 Kamptalstra\u00dfe 3 3550 Langenlois AUSTRIA ATU 56878659 <strong>Organe<\/strong> Obmann: Ing. Fred Loimer Obmann-Stv.: Mag. Michael Moosbrugger Kassier: G\u00fcnther Brandl Kassier-Stv.: Wolfgang Groll Schriftf\u00fchrer: Wolfgang Schwarz Schriftf\u00fchrer-Stv.: Hans Topf Beir\u00e4te: Michael Gruber, Oskar Hager, Erich Kroneder, Karl Steinschaden <strong>Kontakt <\/strong>Tel. <a href=\"tel:+43273420000\">+43 (0)2734\/2000-0<\/a> (Ursin Haus) Mail: <a href=\"mailto:weinstrasse@kamptal.at\">weinstrasse@kamptal.at<\/a><\/p>\n<\/div><\/section><\/div>\n\n<style type=\"text\/css\" data-created_by=\"avia_inline_auto\" id=\"style-css-av-jekg0-a0513e902af865cb10f24cdb9e933e6d\">\n.flex_column.av-jekg0-a0513e902af865cb10f24cdb9e933e6d{\nborder-radius:0px 0px 0px 0px;\npadding:0px 0px 0px 0px;\n}\n<\/style>\n<div  class='flex_column av-jekg0-a0513e902af865cb10f24cdb9e933e6d av_one_half  avia-builder-el-4  el_after_av_one_half  el_before_av_three_fourth  flex_column_div av-zero-column-padding  column-top-margin'     ><section  class='av_textblock_section av-jtkkwpap-7e46fb2a0197db49c716d777ff967b28 '   itemscope=\"itemscope\" itemtype=\"https:\/\/schema.org\/CreativeWork\" ><div class='avia_textblock'  itemprop=\"text\" ><p><strong>Regionales Weinkomitee Kamptal<\/strong> Die Regionalen Weinkomitees in den Weinbaugebieten wurden 2001 gegr\u00fcndet und setzen sich aus wesentlichen Vertretern der Weinwirtschaft zusammen. Deren Hauptzweck ist die Verbesserung der Koordination des Absatzes (z.B. durch Standardvertr\u00e4ge von Bewirtschaftungsvertr\u00e4gen oder Qualifizierungsma\u00dfnahmen), die Ausarbeitung regionaltypischer Weinstile und die enge Zusammenarbeit mit der \u00d6WM zum Zweck der Vermarktung und Positionierung des Gebietes. Die Arbeit der Regionalen Weinkomitees wird durch das Nationale Weinkomitee \u00fcberwacht und koordiniert. <strong>Mitglieder des RWK Kamptal:<\/strong> Produktion:\u00a0G\u00fcnter Brandl, Willi Br\u00fcndlmayer, Franz jun. Fischer, Wolfgang Groll, Gerhard Hauer, Johannes Hirsch, Alwin Jurtschitsch, Alfons Kuchlbacher, Fred Loimer, Michael Moosbrugger Handel: Rudolf Rabl, Karl Steinschaden, Michael Toifl, Johann Topf <strong>Kontakt<\/strong> Tel.:\u00a0<a href=\"tel:+436642019479\">+43 (0)664\/201 94 79<\/a> (Christina Moser) Mail:\u00a0<a href=\"mailto:wein@kamptal.at\">wein@kamptal.at<\/a><\/p>\n<\/div><\/section><\/div>\n\n<style type=\"text\/css\" data-created_by=\"avia_inline_auto\" id=\"style-css-av-q87t4-2384c5f156937e0c2a8131e6a4b291d1\">\n.flex_column.av-q87t4-2384c5f156937e0c2a8131e6a4b291d1{\nborder-radius:0px 0px 0px 0px;\npadding:0px 0px 0px 0px;\n}\n<\/style>\n<div  class='flex_column av-q87t4-2384c5f156937e0c2a8131e6a4b291d1 av_three_fourth  avia-builder-el-6  el_after_av_one_half  el_before_av_three_fourth  first flex_column_div av-zero-column-padding  column-top-margin'     ><section  class='av_textblock_section av-jucjzm5p-b7d9b06ee32db2aa44b67c03dffaaf42 '   itemscope=\"itemscope\" itemtype=\"https:\/\/schema.org\/CreativeWork\" ><div class='avia_textblock'  itemprop=\"text\" ><h2>Websitehosting<\/h2>\n<\/div><\/section><br \/>\n<section  class='av_textblock_section av-jtkld5lv-e42b5105519aff4d6cde0777a6e38393 '   itemscope=\"itemscope\" itemtype=\"https:\/\/schema.org\/CreativeWork\" ><div class='avia_textblock'  itemprop=\"text\" ><p><strong><img loading=\"lazy\" decoding=\"async\" class=\"alignnone wp-image-7649\" src=\"https:\/\/www.kamptal.at\/wp-content\/uploads\/2020\/06\/manwerbe-logo-t-200.png\" alt=\"\" width=\"150\" height=\"150\" srcset=\"https:\/\/www.weinkultur-kamptal.at\/wp-content\/uploads\/2020\/06\/manwerbe-logo-t-200.png 200w, https:\/\/www.weinkultur-kamptal.at\/wp-content\/uploads\/2020\/06\/manwerbe-logo-t-200-80x80.png 80w, https:\/\/www.weinkultur-kamptal.at\/wp-content\/uploads\/2020\/06\/manwerbe-logo-t-200-36x36.png 36w, https:\/\/www.weinkultur-kamptal.at\/wp-content\/uploads\/2020\/06\/manwerbe-logo-t-200-180x180.png 180w, https:\/\/www.weinkultur-kamptal.at\/wp-content\/uploads\/2020\/06\/manwerbe-logo-t-200-120x120.png 120w\" sizes=\"auto, (max-width: 150px) 100vw, 150px\" \/><\/strong><\/p>\n<p>manwerbe e.U.<br \/>\nE-Mail: <a href=\"mailto:office@manwerbe.at\">office@manwerbe.at<\/a><br \/>\n<a href=\"https:\/\/www.manwerbe.at\/\" target=\"_blank\" rel=\"noopener noreferrer\">www.manwerbe.at<\/a><\/p>\n<h3><\/h3>\n<h2><\/h2>\n<h2><\/h2>\n<h2><\/h2>\n<h2><\/h2>\n<\/div><\/section><\/p><\/div>\n<style type=\"text\/css\" data-created_by=\"avia_inline_auto\" id=\"style-css-av-mme74-bdc1dffb6add7d665f332b81a4b34543\">\n.flex_column.av-mme74-bdc1dffb6add7d665f332b81a4b34543{\nborder-radius:0px 0px 0px 0px;\npadding:0px 0px 0px 0px;\n}\n<\/style>\n<div  class='flex_column av-mme74-bdc1dffb6add7d665f332b81a4b34543 av_three_fourth  avia-builder-el-9  el_after_av_three_fourth  el_before_av_three_fourth  first flex_column_div av-zero-column-padding  column-top-margin'     ><section  class='av_textblock_section av-jucjzm5p-b7d9b06ee32db2aa44b67c03dffaaf42 '   itemscope=\"itemscope\" itemtype=\"https:\/\/schema.org\/CreativeWork\" ><div class='avia_textblock'  itemprop=\"text\" ><h2>Haftung &amp; Verantwortlichkeit<\/h2>\n<\/div><\/section><br \/>\n<section  class='av_textblock_section av-jtkld5lv-e42b5105519aff4d6cde0777a6e38393 '   itemscope=\"itemscope\" itemtype=\"https:\/\/schema.org\/CreativeWork\" ><div class='avia_textblock'  itemprop=\"text\" ><p>Alle Texte und Inhalte dieser Seite wurden sorgf\u00e4ltig auf Ihre Richtigkeit \u00fcberpr\u00fcft. F\u00fcr \u00c4nderungen, Vollst\u00e4ndigkeit oder Aktualit\u00e4t kann dennoch keine Haftung oder Garantie \u00fcbernommen werden. F\u00fcr den Inhalt verantwortlich: Obmann Ing. Fred Loimer Fotos: \u00a9\u00a0Point of View, Andreas Hofer, Weinstra\u00dfe Kamptal<\/p>\n<p>&#13;<\/p>\n<h2>\u00a0<\/h2>\n<\/div><\/section><\/p><\/div><\/p>\n\n<style type=\"text\/css\" data-created_by=\"avia_inline_auto\" id=\"style-css-av-hl4qg-3e3a8c2e7d3019fd0ca49f4b588ecf41\">\n.flex_column.av-hl4qg-3e3a8c2e7d3019fd0ca49f4b588ecf41{\nborder-radius:0px 0px 0px 0px;\npadding:0px 0px 0px 0px;\n}\n<\/style>\n<div  class='flex_column av-hl4qg-3e3a8c2e7d3019fd0ca49f4b588ecf41 av_three_fourth  avia-builder-el-12  el_after_av_three_fourth  el_before_av_three_fourth  first flex_column_div av-zero-column-padding  column-top-margin'     ><section  class='av_textblock_section av-jucjzm5p-b7d9b06ee32db2aa44b67c03dffaaf42 '   itemscope=\"itemscope\" itemtype=\"https:\/\/schema.org\/CreativeWork\" ><div class='avia_textblock'  itemprop=\"text\" ><h2>Copyright<\/h2>\n<\/div><\/section><br \/>\n<section  class='av_textblock_section av-jtkld5lv-e42b5105519aff4d6cde0777a6e38393 '   itemscope=\"itemscope\" itemtype=\"https:\/\/schema.org\/CreativeWork\" ><div class='avia_textblock'  itemprop=\"text\" ><p>Alle Inhalte auf dieser Website sind urheberrechtlich gesch\u00fctzt. Texte, Bilder, Grafiken, und Animationen unterliegen dem Schutz des Urheberrechts und anderen Schutzgesetzen. Der Inhalt darf nicht zu kommerziellen Zwecken kopiert, verbreitet, ver\u00e4ndert oder Dritten zug\u00e4nglich gemacht werden. Jede Nutzung, insbesondere die Speicherung in Datenbanken, Vervielf\u00e4ltigung, Verbreitung, Bearbeitung so wie jegliche Form gewerblicher Nutzung so wie die Weitergabe an Dritte, auch in Teilen oder in \u00fcberarbeiteter Form, ist ohne ausdr\u00fcckliche, schriftliche Zustimmung des Urhebers untersagt.<\/p>\n<p>&#13;<\/p>\n<h2>\u00a0<\/h2>\n<\/div><\/section><\/p><\/div>\n\n<style type=\"text\/css\" data-created_by=\"avia_inline_auto\" id=\"style-css-av-a1rg0-a110d4b44fc5a3766cf686d4af8b985c\">\n.flex_column.av-a1rg0-a110d4b44fc5a3766cf686d4af8b985c{\nborder-radius:0px 0px 0px 0px;\npadding:0px 0px 0px 0px;\n}\n<\/style>\n<div  class='flex_column av-a1rg0-a110d4b44fc5a3766cf686d4af8b985c av_three_fourth  avia-builder-el-15  el_after_av_three_fourth  avia-builder-el-last  first flex_column_div av-zero-column-padding  column-top-margin'     ><section  class='av_textblock_section av-jucjzm5p-b7d9b06ee32db2aa44b67c03dffaaf42 '   itemscope=\"itemscope\" itemtype=\"https:\/\/schema.org\/CreativeWork\" ><div class='avia_textblock'  itemprop=\"text\" ><h2>Verlinkung &amp; Haftungsausschluss f\u00fcr Links<\/h2>\n<\/div><\/section><br \/>\n<section  class='av_textblock_section av-jtkld5lv-e42b5105519aff4d6cde0777a6e38393 '   itemscope=\"itemscope\" itemtype=\"https:\/\/schema.org\/CreativeWork\" ><div class='avia_textblock'  itemprop=\"text\" ><p>Wir \u00fcbernehmen keinerlei Haftung, weder f\u00fcr die Richtigkeit, noch f\u00fcr deren Inhalte oder Freiheit von aggressiven und\/oder sch\u00e4digenden Inhalten, wie Viren, Trojaner, W\u00fcrmer etc. der Links auf unserer Website. Insbesondere \u00fcbernehmen wir keine Verantwortung f\u00fcr Inhalte auf durch Hyperlinks verwiesene externe Websites, hierf\u00fcr haftet ausschlie\u00dflich der jeweilige Anbieter. Links auf unsere Website sind erw\u00fcnscht, wenn sie als externe Links (eigenes Browserfenster) gestaltet sind. Eine \u00dcbernahme des Hauptfensters in einen Frame des Linksetzers ist unzul\u00e4ssig. Sollte eine Website, auf die wir verlinkt haben, rechtswidrige Inhalte enthalten, so bitten wir um Mitteilung, der Link wird umgehend entfernt.\u2028Eine Verlinkung der Seiten dieser Website von anderen, fremden Seiten ist ausdr\u00fccklich erlaubt und erw\u00fcnscht. Es d\u00fcrfen dabei keine Inhalte in fremde Framessets oder \u00e4hnliches \u00fcbernommen werden. Die vollkommene Eigenst\u00e4ndigkeit des Angebots der Weinstra\u00dfe Kamptal muss immer deutlich ersichtlich und etwaige Quellenangaben entsprechend gesetzt sein.<\/p>\n<p>&#13;<\/p>\n<h2>\u00a0<\/h2>\n<\/div><\/section><\/p><\/div>\n","protected":false},"excerpt":{"rendered":"","protected":false},"author":3,"featured_media":0,"parent":0,"menu_order":101,"comment_status":"closed","ping_status":"closed","template":"","meta":{"_acf_changed":false,"inline_featured_image":false,"footnotes":""},"class_list":["post-3900","page","type-page","status-publish","hentry"],"acf":[],"_links":{"self":[{"href":"https:\/\/www.weinkultur-kamptal.at\/en\/wp-json\/wp\/v2\/pages\/3900","targetHints":{"allow":["GET"]}}],"collection":[{"href":"https:\/\/www.weinkultur-kamptal.at\/en\/wp-json\/wp\/v2\/pages"}],"about":[{"href":"https:\/\/www.weinkultur-kamptal.at\/en\/wp-json\/wp\/v2\/types\/page"}],"author":[{"embeddable":true,"href":"https:\/\/www.weinkultur-kamptal.at\/en\/wp-json\/wp\/v2\/users\/3"}],"replies":[{"embeddable":true,"href":"https:\/\/www.weinkultur-kamptal.at\/en\/wp-json\/wp\/v2\/comments?post=3900"}],"version-history":[{"count":0,"href":"https:\/\/www.weinkultur-kamptal.at\/en\/wp-json\/wp\/v2\/pages\/3900\/revisions"}],"wp:attachment":[{"href":"https:\/\/www.weinkultur-kamptal.at\/en\/wp-json\/wp\/v2\/media?parent=3900"}],"curies":[{"name":"wp","href":"https:\/\/api.w.org\/{rel}","templated":true}]}}

<style type="text/css" data-created_by="avia_inline_auto" id="style-css-av-jekg0-14de56c10a5f3b95cfa323956d7bcc4a">
.flex_column.av-jekg0-14de56c10a5f3b95cfa323956d7bcc4a{
border-radius:0px 0px 0px 0px;
padding:0px 0px 0px 0px;
}
</style>
<div  class='flex_column av-jekg0-14de56c10a5f3b95cfa323956d7bcc4a av_one_full  avia-builder-el-0  el_before_av_one_half  avia-builder-el-first  first flex_column_div av-zero-column-padding  '     ><section  class='av_textblock_section av-jtkkwpap-7e46fb2a0197db49c716d777ff967b28 '   itemscope="itemscope" itemtype="https://schema.org/CreativeWork" ><div class='avia_textblock'  itemprop="text" ><h2>Herausgeber &amp; Medieninhaber</h2>
</div></section></div>

<style type="text/css" data-created_by="avia_inline_auto" id="style-css-av-jekg0-14de56c10a5f3b95cfa323956d7bcc4a">
.flex_column.av-jekg0-14de56c10a5f3b95cfa323956d7bcc4a{
border-radius:0px 0px 0px 0px;
padding:0px 0px 0px 0px;
}
</style>
<div  class='flex_column av-jekg0-14de56c10a5f3b95cfa323956d7bcc4a av_one_half  avia-builder-el-2  el_after_av_one_full  el_before_av_one_half  first flex_column_div av-zero-column-padding  column-top-margin'     ><section  class='av_textblock_section av-jtkkwpap-7e46fb2a0197db49c716d777ff967b28 '   itemscope="itemscope" itemtype="https://schema.org/CreativeWork" ><div class='avia_textblock'  itemprop="text" ><p><strong>Weinstraße Kamptal</strong> Verein ZVR-Nr. 168354025 Kamptalstraße 3 3550 Langenlois AUSTRIA ATU 56878659 <strong>Organe</strong> Obmann: Ing. Fred Loimer Obmann-Stv.: Mag. Michael Moosbrugger Kassier: Günther Brandl Kassier-Stv.: Wolfgang Groll Schriftführer: Wolfgang Schwarz Schriftführer-Stv.: Hans Topf Beiräte: Michael Gruber, Oskar Hager, Erich Kroneder, Karl Steinschaden <strong>Kontakt </strong>Tel. <a href="tel:+43273420000">+43 (0)2734/2000-0</a> (Ursin Haus) Mail: <a href="mailto:weinstrasse@kamptal.at">weinstrasse@kamptal.at</a></p>
</div></section></div>

<style type="text/css" data-created_by="avia_inline_auto" id="style-css-av-jekg0-a0513e902af865cb10f24cdb9e933e6d">
.flex_column.av-jekg0-a0513e902af865cb10f24cdb9e933e6d{
border-radius:0px 0px 0px 0px;
padding:0px 0px 0px 0px;
}
</style>
<div  class='flex_column av-jekg0-a0513e902af865cb10f24cdb9e933e6d av_one_half  avia-builder-el-4  el_after_av_one_half  el_before_av_three_fourth  flex_column_div av-zero-column-padding  column-top-margin'     ><section  class='av_textblock_section av-jtkkwpap-7e46fb2a0197db49c716d777ff967b28 '   itemscope="itemscope" itemtype="https://schema.org/CreativeWork" ><div class='avia_textblock'  itemprop="text" ><p><strong>Regionales Weinkomitee Kamptal</strong> Die Regionalen Weinkomitees in den Weinbaugebieten wurden 2001 gegründet und setzen sich aus wesentlichen Vertretern der Weinwirtschaft zusammen. Deren Hauptzweck ist die Verbesserung der Koordination des Absatzes (z.B. durch Standardverträge von Bewirtschaftungsverträgen oder Qualifizierungsmaßnahmen), die Ausarbeitung regionaltypischer Weinstile und die enge Zusammenarbeit mit der ÖWM zum Zweck der Vermarktung und Positionierung des Gebietes. Die Arbeit der Regionalen Weinkomitees wird durch das Nationale Weinkomitee überwacht und koordiniert. <strong>Mitglieder des RWK Kamptal:</strong> Produktion: Günter Brandl, Willi Bründlmayer, Franz jun. Fischer, Wolfgang Groll, Gerhard Hauer, Johannes Hirsch, Alwin Jurtschitsch, Alfons Kuchlbacher, Fred Loimer, Michael Moosbrugger Handel: Rudolf Rabl, Karl Steinschaden, Michael Toifl, Johann Topf <strong>Kontakt</strong> Tel.: <a href="tel:+436642019479">+43 (0)664/201 94 79</a> (Christina Moser) Mail: <a href="mailto:wein@kamptal.at">wein@kamptal.at</a></p>
</div></section></div>

<style type="text/css" data-created_by="avia_inline_auto" id="style-css-av-q87t4-2384c5f156937e0c2a8131e6a4b291d1">
.flex_column.av-q87t4-2384c5f156937e0c2a8131e6a4b291d1{
border-radius:0px 0px 0px 0px;
padding:0px 0px 0px 0px;
}
</style>
<div  class='flex_column av-q87t4-2384c5f156937e0c2a8131e6a4b291d1 av_three_fourth  avia-builder-el-6  el_after_av_one_half  el_before_av_three_fourth  first flex_column_div av-zero-column-padding  column-top-margin'     ><section  class='av_textblock_section av-jucjzm5p-b7d9b06ee32db2aa44b67c03dffaaf42 '   itemscope="itemscope" itemtype="https://schema.org/CreativeWork" ><div class='avia_textblock'  itemprop="text" ><h2>Websitehosting</h2>
</div></section><br />
<section  class='av_textblock_section av-jtkld5lv-e42b5105519aff4d6cde0777a6e38393 '   itemscope="itemscope" itemtype="https://schema.org/CreativeWork" ><div class='avia_textblock'  itemprop="text" ><p><strong><img loading="lazy" decoding="async" class="alignnone wp-image-7649" src="https://www.kamptal.at/wp-content/uploads/2020/06/manwerbe-logo-t-200.png" alt="" width="150" height="150" srcset="https://www.weinkultur-kamptal.at/wp-content/uploads/2020/06/manwerbe-logo-t-200.png 200w, https://www.weinkultur-kamptal.at/wp-content/uploads/2020/06/manwerbe-logo-t-200-80x80.png 80w, https://www.weinkultur-kamptal.at/wp-content/uploads/2020/06/manwerbe-logo-t-200-36x36.png 36w, https://www.weinkultur-kamptal.at/wp-content/uploads/2020/06/manwerbe-logo-t-200-180x180.png 180w, https://www.weinkultur-kamptal.at/wp-content/uploads/2020/06/manwerbe-logo-t-200-120x120.png 120w" sizes="auto, (max-width: 150px) 100vw, 150px" /></strong></p>
<p>manwerbe e.U.<br />
E-Mail: <a href="mailto:office@manwerbe.at">office@manwerbe.at</a><br />
<a href="https://www.manwerbe.at/" target="_blank" rel="noopener noreferrer">www.manwerbe.at</a></p>
<h3></h3>
<h2></h2>
<h2></h2>
<h2></h2>
<h2></h2>
</div></section></p></div>
<style type="text/css" data-created_by="avia_inline_auto" id="style-css-av-mme74-bdc1dffb6add7d665f332b81a4b34543">
.flex_column.av-mme74-bdc1dffb6add7d665f332b81a4b34543{
border-radius:0px 0px 0px 0px;
padding:0px 0px 0px 0px;
}
</style>
<div  class='flex_column av-mme74-bdc1dffb6add7d665f332b81a4b34543 av_three_fourth  avia-builder-el-9  el_after_av_three_fourth  el_before_av_three_fourth  first flex_column_div av-zero-column-padding  column-top-margin'     ><section  class='av_textblock_section av-jucjzm5p-b7d9b06ee32db2aa44b67c03dffaaf42 '   itemscope="itemscope" itemtype="https://schema.org/CreativeWork" ><div class='avia_textblock'  itemprop="text" ><h2>Haftung &amp; Verantwortlichkeit</h2>
</div></section><br />
<section  class='av_textblock_section av-jtkld5lv-e42b5105519aff4d6cde0777a6e38393 '   itemscope="itemscope" itemtype="https://schema.org/CreativeWork" ><div class='avia_textblock'  itemprop="text" ><p>Alle Texte und Inhalte dieser Seite wurden sorgfältig auf Ihre Richtigkeit überprüft. Für Änderungen, Vollständigkeit oder Aktualität kann dennoch keine Haftung oder Garantie übernommen werden. Für den Inhalt verantwortlich: Obmann Ing. Fred Loimer Fotos: © Point of View, Andreas Hofer, Weinstraße Kamptal</p>
<p>&#13;</p>
<h2> </h2>
</div></section></p></div></p>

<style type="text/css" data-created_by="avia_inline_auto" id="style-css-av-hl4qg-3e3a8c2e7d3019fd0ca49f4b588ecf41">
.flex_column.av-hl4qg-3e3a8c2e7d3019fd0ca49f4b588ecf41{
border-radius:0px 0px 0px 0px;
padding:0px 0px 0px 0px;
}
</style>
<div  class='flex_column av-hl4qg-3e3a8c2e7d3019fd0ca49f4b588ecf41 av_three_fourth  avia-builder-el-12  el_after_av_three_fourth  el_before_av_three_fourth  first flex_column_div av-zero-column-padding  column-top-margin'     ><section  class='av_textblock_section av-jucjzm5p-b7d9b06ee32db2aa44b67c03dffaaf42 '   itemscope="itemscope" itemtype="https://schema.org/CreativeWork" ><div class='avia_textblock'  itemprop="text" ><h2>Copyright</h2>
</div></section><br />
<section  class='av_textblock_section av-jtkld5lv-e42b5105519aff4d6cde0777a6e38393 '   itemscope="itemscope" itemtype="https://schema.org/CreativeWork" ><div class='avia_textblock'  itemprop="text" ><p>Alle Inhalte auf dieser Website sind urheberrechtlich geschützt. Texte, Bilder, Grafiken, und Animationen unterliegen dem Schutz des Urheberrechts und anderen Schutzgesetzen. Der Inhalt darf nicht zu kommerziellen Zwecken kopiert, verbreitet, verändert oder Dritten zugänglich gemacht werden. Jede Nutzung, insbesondere die Speicherung in Datenbanken, Vervielfältigung, Verbreitung, Bearbeitung so wie jegliche Form gewerblicher Nutzung so wie die Weitergabe an Dritte, auch in Teilen oder in überarbeiteter Form, ist ohne ausdrückliche, schriftliche Zustimmung des Urhebers untersagt.</p>
<p>&#13;</p>
<h2> </h2>
</div></section></p></div>

<style type="text/css" data-created_by="avia_inline_auto" id="style-css-av-a1rg0-a110d4b44fc5a3766cf686d4af8b985c">
.flex_column.av-a1rg0-a110d4b44fc5a3766cf686d4af8b985c{
border-radius:0px 0px 0px 0px;
padding:0px 0px 0px 0px;
}
</style>
<div  class='flex_column av-a1rg0-a110d4b44fc5a3766cf686d4af8b985c av_three_fourth  avia-builder-el-15  el_after_av_three_fourth  avia-builder-el-last  first flex_column_div av-zero-column-padding  column-top-margin'     ><section  class='av_textblock_section av-jucjzm5p-b7d9b06ee32db2aa44b67c03dffaaf42 '   itemscope="itemscope" itemtype="https://schema.org/CreativeWork" ><div class='avia_textblock'  itemprop="text" ><h2>Verlinkung &amp; Haftungsausschluss für Links</h2>
</div></section><br />
<section  class='av_textblock_section av-jtkld5lv-e42b5105519aff4d6cde0777a6e38393 '   itemscope="itemscope" itemtype="https://schema.org/CreativeWork" ><div class='avia_textblock'  itemprop="text" ><p>Wir übernehmen keinerlei Haftung, weder für die Richtigkeit, noch für deren Inhalte oder Freiheit von aggressiven und/oder schädigenden Inhalten, wie Viren, Trojaner, Würmer etc. der Links auf unserer Website. Insbesondere übernehmen wir keine Verantwortung für Inhalte auf durch Hyperlinks verwiesene externe Websites, hierfür haftet ausschließlich der jeweilige Anbieter. Links auf unsere Website sind erwünscht, wenn sie als externe Links (eigenes Browserfenster) gestaltet sind. Eine Übernahme des Hauptfensters in einen Frame des Linksetzers ist unzulässig. Sollte eine Website, auf die wir verlinkt haben, rechtswidrige Inhalte enthalten, so bitten wir um Mitteilung, der Link wird umgehend entfernt. Eine Verlinkung der Seiten dieser Website von anderen, fremden Seiten ist ausdrücklich erlaubt und erwünscht. Es dürfen dabei keine Inhalte in fremde Framessets oder ähnliches übernommen werden. Die vollkommene Eigenständigkeit des Angebots der Weinstraße Kamptal muss immer deutlich ersichtlich und etwaige Quellenangaben entsprechend gesetzt sein.</p>
<p>&#13;</p>
<h2> </h2>
</div></section></p></div>
